 remainder when 132 is divided by a.
57
Suppose 40 = 5*u - 6*u. Let k = 70 + u. What is the remainder when ((-44)/10)/((-2)/40) is divided by k?
28
Let i(f) = f**3 - 40*f**2 - 86*f + 93. Let d(c) = 2*c**2 + 9*c - 10. Calculate the remainder when d(-7) is divided by i(42).
7
Let h(p) = -p + 17. Let n(a) = a. Let x(z) = h(z) + 5*n(z). Let j be x(-4). What is the remainder when 26 is divided by 10 + 6 + -2 + j?
11
Let a(v) = -v - 5. Let m(l) = l + 6. Let o(g) = 4*a(g) + 3*m(g). What is the remainder when o(-7) is divided by 4?
1
Calculate the remainder when 59 is divided by 10/2 - (1 + 2 + -13).
14
Suppose -2*o = -23 + 3. Let w be 3 - (18/63 + 130/(-14)). Let g = w + o. Calculate the remainder when g is divided by 8.
6
What is the remainder when -4 + (12 + -24)*(-136)/12 is divided by 28?
20
Suppose -s + 2*j = -114, -4*s = -2*s - 2*j - 226. What is the remainder when s is divided by 55?
2
Suppose 0 = -n - 3*f - 13, -3*n + 2*n - 2*f = 8. Suppose k = 3*p + 22, 4*k - 3*p = 90 - n. Calculate the remainder when k is divided by 4.
2
Suppose 626 = 5*q + 4*n, 3*q - 2*q - 131 = 5*n. Calculate the remainder when q is divided by 8.
6
Let w(s) = 4*s**2 + s - 55. Calculate the remainder when w(6) is divided by 14.
11
Let d(z) = z**2 - 18*z - 20. Let o = 54 + -33. What is the remainder when 126 is divided by d(o)?
40
Suppose -7*h = -10*h + 3*z + 12, 0 = -3*h - 4*z - 2. What is the remainder when 8 is divided by h?
0
Let m(r) = -9*r**3 - 11*r**2 + 7*r + 16. Let w = 21 - 10. Calculate the remainder when m(-2) is divided by w.
8
Calculate the remainder when 59 is divided by 112/(-4 - -12) + 4.
5
Suppose -8*b + 4*b + 56 = 0. Suppose 12*v = b*v - 178. Calculate the remainder when v is divided by 23.
20
Let r(i) = -i**3 - 9*i**2 - 20*i - 5. Calculate the remainder when 19 is divided by r(-6).
5
Let q = 56 + -54. What is the remainder when 44 is divided by q?
0
Suppose -7*q - 380 = -2*q. Let l = 105 + q. Calculate the remainder when 84 is divided by l.
26
Let l(i) = 30*i + 153. What is the remainder when l(-5) is divided by 2?
1
Suppose 0 = -3*t - 26 + 98. Calculate the remainder when 5*18/(-15)*-7 - -4 is divided by t.
22
Suppose 3*m = -5*f + 58 + 11, -f + 3*m + 3 = 0. Let u(z) = -z**2 - 4*z + 6. Calculate the remainder when f is divided by u(-4).
0
Suppose 4*j - 271 = -3*z, -j - 2*j - 2*z + 204 = 0. Calculate the remainder when j is divided by 20.
10
Suppose -3*l + 3 = -2*l. Let x(f) = f**2 - 6*f - 5. Calculate the remainder when x(-2) is divided by l.
2
Suppose -3*r + 8 = -10. Suppose h = r - 2. Let j = -11 + 25. What is the remainder when j is divided by h?
2
Let f = -1737 - -1830. Calculate the remainder when f is divided by 34.
25
Let l = 72 - 102. Let b = 33 - -9. Let r = l + b. What is the remainder when 19 is divided by r?
7
Let y(a) = -12*a - 3 + 10 - a**2 + 3*a. Let m be y(-9). Let r = m + 1. Calculate the remainder when 14 is divided by r.
6
Let c = -78 + 109. Let g be 0*(-3)/(-6)*-1. Suppose -2*f + g*f = -14. Calculate the remainder when c is divided by f.
3
Calculate the remainder when -4 - -7 - 7 - (-1 + -32) is divided by 11.
7
Suppose -5*y = -101 - 144. What is the remainder when 193 is divided by y?
46
Suppose v = -3*n - 2, -v - n + 3*n + 8 = 0. Suppose 4*z + 5 = 25, -v*u + 5*z = 41. Calculate the remainder when 57 is divided by (-30)/(11/(-2) - u).
17
Let y(m) = 2*m + 36. Let u be (-15)/(-10)*(-56)/6. What is the remainder when 71 is divided by y(u)?
7
Let p = -26 + 31. Suppose p*j - 2*j = 567. Suppose -3*c + 58 + 70 = 2*o, 3*o + 3*c = j. What is the remainder when o is divided by 9?
7
Let a(q) = q**2 + 3*q + 4. Let c be 3 + -1 + (-24)/3. Let x(i) = i**3 + 9*i**2. Calculate the remainder when x(-8) is divided by a(c).
20
Let y be 2 - 8 - (4 - 2). Let k(x) = x**2 + 6*x + 4. Let g be k(-5). What is the remainder when 21 is divided by y*(-3 + 3 + g)?
5
Suppose -2*i + 1288 = 6*i. Suppose -3*x + 19 = -i. What is the remainder when x is divided by 9?
6
Let q(x) = -x**2 + 8*x + 1. Suppose 4 + 3 = l - t, 5*l = 3*t + 35. Let y be q(l). Let f(d) = 2*d + 6. What is the remainder when f(y) is divided by 8?
6
Let v = -457 + 484. Calculate the remainder when 190 is divided by v.
1
Let j = -13 + 39. Suppose -v + 2*m + 20 = 0, -9*v + 8*v = 5*m - 13. Calculate the remainder when j is divided by v.
8
Let t = 33 + 65. Suppose 3*s + 44 = 2*h, -4*h + s + 123 = h. What is the remainder when t is divided by h?
23
Calculate the remainder when 20 is divided by (90/27)/(45/162).
8
Suppose -3*h = -3458 + 941. Calculate the remainder when h is divided by 10.
9
Let p(w) = -w. Let g be p(3). What is the remainder when 189 is divided by 16/(-4) - 12*g?
29
Let b(g) = 18*g**2 - 8*g + 15. Let s(a) = a**2 + 3*a + 4. Let t be s(-4). Suppose i - 10 = t. What is the remainder when b(2) is divided by i?
17
Suppose -x = -6*x + 5. Suppose 0 = -4*c - 2*j + 6, 5*c - 7 = -0*j - 2*j. Calculate the remainder when x is divided by c.
0
Let p = -146 + 160. What is the remainder when 51 is divided by p?
9
Suppose -3*q - 3 = -12. Suppose 0 = -2*l - a + 143, 2*a + 16 = q*l - 195. Calculate the remainder when l is divided by 18.
17
Suppose 2*p = -h + 4, h - 3*h + 8 = -4*p. Suppose 0*q - q = -h*x - 4, -2*x = -q + 2. Calculate the remainder when 3/3*x + 14 is divided by 5.
3
Suppose -84*y = -3*y - 4131. Let i = 79 + -53. What is the remainder when y is divided by i?
25
Let a(l) = 247*l + 265. What is the remainder when a(3) is divided by 126?
124
Suppose -4*u = -3*u - 2. Suppose -5*a - s + 16 = 0, -4*a + s = -s - 10. Calculate the remainder when a is divided by (-1)/(15/(-6) + u).
1
Let f = 932 + -913. Calculate the remainder when 2372 is divided by f.
16
Suppose -95 = 5*n - 10*n - 5*d, 7 = n + 4*d. Calculate the remainder when n is divided by 7.
2
Let w(z) = 2*z**3 + z**2 + 6*z + 8. Calculate the remainder when 634 is divided by w(5).
8
Let b(d) = -d**3 + 5*d**2 + 19*d - 18. What is the remainder when 41 is divided by b(7)?
7
Suppose 0 = 2*i - 7*i + 5*o + 25, -o - 17 = -3*i. Calculate the remainder when i*(9/6 + -1) is divided by (9 - 115/10)/(5/(-4)).
1
Let p = -321 - -410. What is the remainder when p is divided by (0 + -2)*93/(-6)?
27
Suppose 0 = j - 4, 122*q + j - 244 = 117*q. Suppose -u - 2 = 4*c, 4*c - 38 = -4*u - 10. What is the remainder when q is divided by u?
8
What is the remainder when 144 is divided by -8 + 4 + 3 + (27 - -4)?
24
Suppose 10*z + 189 = 1069. Suppose -18*n + 72 = -14*n. What is the remainder when z is divided by n?
16
Let j(r) = 11*r**3 + r + 2. Let k be j(2). Let u = 104 - k. What is the remainder when 29 is divided by u?
5
Calculate the remainder when 826/(-1)*(-15)/30 is divided by 20.
13
Suppose 934 - 70 = 4*z. Suppose -3*n = 2*o - 89, 0*n = -5*o - n + z. What is the remainder when 213 is divided by o?
41
Let z = 37 + -32. Suppose -2*k = -5*l + 8 + 11, -4*l + z*k + 5 = 0. Calculate the remainder when l is divided by 3.
2
Suppose 26*b + 1056 = 42*b. What is the remainder when 329 is divided by b?
65
Let x(z) = -3*z - 14. Suppose -3*v + 28 = -2*v - 5*c, -4*v + c = -150. Calculate the remainder when v is divided by x(-9).
12
Suppose 0 = 4*b + 12, -d - 3*b - 1 = -6*b. Let t = 27 + d. Calculate the remainder when t is divided by 9.
8
Let i = 1608 + -1602. What is the remainder when ((-63)/(-2))/(1/2) is divided by i?
3
Let q(j) = -1885*j + 1876*j - 9 + j**3 + 7*j**2 - 7. What is the remainder when q(-7) is divided by 16?
15
Suppose -2*c - 7*c + 1044 = 0. Calculate the remainder when c is divided by 2.
0
Suppose -10*a + 6*a = -8. Let t(n) = -32*n**2 + 5*n - 4. Let o be t(a). What is the remainder when 93 is divided by (-36)/90 - o/5?
21
Let q = -35 + 54. Suppose 5*f - 12 = -3*h, 3*h + 7 = 3*f + q. Suppose -39 = -3*l + 2*a, f = l - 5*l - 4*a + 52. Calculate the remainder when l is divided by 4.
1
Suppose -72*x - 432 = -80*x. Calculate the remainder when 321 is divided by x.
51
Let k(l) = 8*l - 6*l**2 - 10*l**2 + 17*l**2. Let y be k(-7). Let t(p) = -3*p - 15. Calculate the remainder when 20 is divided by t(y).
2
Let t be 48/27 + 2/9. Suppose 0 = -0*l + t*l - 18. What is the remainder when l is divided by ((2 + 0)/(-1))/(56/(-112))?
1
Let g(f) = 2*f**2 + 37*f + 163. What is the remainder when 695 is divided by g(-15)?
57
Suppose -265*j = -256*j - 8325. Calculate the remainder